{"id":321,"date":"2026-03-02T22:28:50","date_gmt":"2026-03-02T21:28:50","guid":{"rendered":"https:\/\/testnexa.pl\/?page_id=321"},"modified":"2026-03-13T15:38:33","modified_gmt":"2026-03-13T14:38:33","slug":"l","status":"publish","type":"page","link":"https:\/\/siatpol.de\/index.php\/l\/","title":{"rendered":"L"},"content":{"rendered":"\t\t<div data-elementor-type=\"wp-page\" data-elementor-id=\"321\" class=\"elementor elementor-321\">\n\t\t\t\t<div class=\"elementor-element elementor-element-843ea08 e-flex e-con-boxed e-con e-parent\" data-id=\"843ea08\" data-element_type=\"container\" data-e-type=\"container\">\n\t\t\t\t\t<div class=\"e-con-inner\">\n\t\t\t\t<div class=\"elementor-element elementor-element-398e05d elementor-widget elementor-widget-html\" data-id=\"398e05d\" data-element_type=\"widget\" data-e-type=\"widget\" data-widget_type=\"html.default\">\n\t\t\t\t\t<section class=\"siatpol-l\" aria-label=\"Forstzaun Typ L\">\n<style>\n.siatpol-l, .siatpol-l *{box-sizing:border-box}\n\n.siatpol-l{\n  font-family:Inter,system-ui;\n  background:#fff;\n  width:100vw;\n  margin-left:calc(50% - 50vw);\n  padding:56px 16px;\n  color:#0f1720;\n}\n\n.siatpol-l__inner{\n  max-width:1160px;\n  margin:0 auto;\n  display:grid;\n  gap:22px;\n}\n\n\/* TYPO *\/\n.siatpol-l__title{\n  font-size:clamp(28px,5vw,42px);\n  font-weight:900;\n}\n\n.siatpol-l__lead{\n  font-size:15.8px;\n  line-height:1.75;\n  color:rgba(15,23,32,.8);\n}\n\n\/* HERO *\/\n.siatpol-l__hero{\n  background:#F9FAFB;\n  border-radius:20px;\n  padding:18px;\n  display:grid;\n  gap:14px;\n}\n\n\/* CARD *\/\n.siatpol-l__card{\n  background:#F9FAFB;\n  border-radius:18px;\n  padding:18px;\n}\n\n.siatpol-l__h2{\n  font-size:18px;\n  font-weight:900;\n  margin-bottom:8px;\n}\n\n\/* LIST *\/\n.siatpol-l__list{\n  padding-left:18px;\n  line-height:1.7;\n}\n\n\/* SPEC *\/\n.siatpol-l__spec{\n  display:grid;\n  gap:12px;\n}\n\n.siatpol-l__specItem{\n  background:#fff;\n  border:1px solid rgba(0,0,0,.08);\n  border-radius:14px;\n  padding:14px;\n}\n\n.siatpol-l__grid{\n  display:grid;\n  grid-template-columns:1fr 1fr;\n  gap:8px;\n}\n\n.siatpol-l__grid div{\n  background:#F3F4F6;\n  padding:8px;\n  border-radius:8px;\n  font-size:13px;\n}\n\n\/* CTA *\/\n.siatpol-l__cta{\n  background:#0f1720;\n  color:#fff;\n  padding:18px;\n  border-radius:18px;\n}\n\n\/* FORM *\/\n.siatpol-l__aside{\n  background:#fff;\n  border:1px solid rgba(0,0,0,.1);\n  border-radius:18px;\n  padding:18px;\n}\n\n.siatpol-l input,\n.siatpol-l textarea{\n  width:100%;\n  padding:12px;\n  border-radius:12px;\n  border:1px solid rgba(0,0,0,.12);\n  margin-bottom:10px;\n}\n\n.siatpol-l input[type=\"submit\"]{\n  background:#0f1720;\n  color:#fff;\n  border:none;\n  border-radius:999px;\n  font-weight:800;\n}\n\n@media(min-width:900px){\n  .siatpol-l__layout{\n    display:grid;\n    grid-template-columns:1.15fr .85fr;\n    gap:28px;\n  }\n}\n<\/style>\n\n<div class=\"siatpol-l__inner\">\n<div class=\"siatpol-l__layout\">\n\n<!-- LEFT -->\n<div>\n\n<h1 class=\"siatpol-l__title\">Forstzaun Typ L (Light)<\/h1>\n\n<div class=\"siatpol-l__hero\">\n<p class=\"siatpol-l__lead\">\nDer Forstzaun Typ L ist die wirtschaftliche Basisl\u00f6sung f\u00fcr den Schutz von Fl\u00e4chen.\nEr besteht aus verzinktem Draht (2,5 mm Randdr\u00e4hte \/ 1,6 mm innen) und \u00fcberzeugt durch geringes Gewicht und einfache Montage.\n<\/p>\n\n<p class=\"siatpol-l__lead\">\nIdeal f\u00fcr Anwendungen, bei denen leichte bis mittlere Belastung zu erwarten ist und eine kosteneffiziente L\u00f6sung ben\u00f6tigt wird.\n<\/p>\n<\/div>\n\n<div class=\"siatpol-l__card\">\n<h2 class=\"siatpol-l__h2\">Anwendung<\/h2>\n<ul class=\"siatpol-l__list\">\n<li>W\u00e4lder und landwirtschaftliche Fl\u00e4chen<\/li>\n<li>Weiden und Tierhaltung<\/li>\n<li>G\u00e4rten, Obstplantagen, Freizeitgrundst\u00fccke<\/li>\n<li>Autobahnen und Schnellstra\u00dfen<\/li>\n<li>Bau- und tempor\u00e4re Fl\u00e4chen<\/li>\n<\/ul>\n<\/div>\n\n<div class=\"siatpol-l__card\">\n<h2 class=\"siatpol-l__h2\">Technische Parameter<\/h2>\n\n<div class=\"siatpol-l__spec\">\n\n<div class=\"siatpol-l__specItem\">\n<strong>100\/10\/15<\/strong>\n<div class=\"siatpol-l__grid\">\n<div>H\u00f6he: 100 cm<\/div>\n<div>Dr\u00e4hte: 10<\/div>\n<div>Abstand: 15 cm<\/div>\n<div>Rolle: 50 m<\/div>\n<\/div>\n<\/div>\n\n<div class=\"siatpol-l__specItem\">\n<strong>125\/15\/15<\/strong>\n<div class=\"siatpol-l__grid\">\n<div>H\u00f6he: 125 cm<\/div>\n<div>Dr\u00e4hte: 15<\/div>\n<div>Abstand: 15 cm<\/div>\n<div>Rolle: 50 m<\/div>\n<\/div>\n<\/div>\n\n<div class=\"siatpol-l__specItem\">\n<strong>160\/23\/15<\/strong>\n<div class=\"siatpol-l__grid\">\n<div>H\u00f6he: 160 cm<\/div>\n<div>Dr\u00e4hte: 23<\/div>\n<div>Abstand: 15 cm<\/div>\n<div>Rolle: 50 m<\/div>\n<\/div>\n<\/div>\n\n<div class=\"siatpol-l__specItem\">\n<strong>200\/25\/30<\/strong>\n<div class=\"siatpol-l__grid\">\n<div>H\u00f6he: 200 cm<\/div>\n<div>Dr\u00e4hte: 25<\/div>\n<div>Abstand: 30 cm<\/div>\n<div>Rolle: 50 m<\/div>\n<\/div>\n<\/div>\n\n<\/div>\n<\/div>\n\n<div class=\"siatpol-l__card\">\n<h2 class=\"siatpol-l__h2\">Einsatzempfehlung<\/h2>\n<p class=\"siatpol-l__lead\">\nTyp L eignet sich besonders f\u00fcr kleinere Tiere wie Hasen, F\u00fcchse oder Rehe.\nF\u00fcr gr\u00f6\u00dfere Tiere (z.B. Wildschweine) empfehlen wir den Forstzaun Typ M.\n<\/p>\n<\/div>\n\n<div class=\"siatpol-l__card\">\n<h2 class=\"siatpol-l__h2\">Montage<\/h2>\n<p class=\"siatpol-l__lead\">\nSchnelle Montage ohne Spezialmaschinen. Befestigung an Holz- oder Stahlpfosten.\nPfostenabstand: 2\u20135 Meter.\n<\/p>\n<\/div>\n\n<div class=\"siatpol-l__cta\">\n<strong>Direkt vom Hersteller<\/strong><br>\nSenden Sie jetzt eine Anfrage und erhalten Sie ein individuelles Angebot.\n<\/div>\n\n<\/div>\n\n<!-- RIGHT -->\n<aside class=\"siatpol-l__aside\">\n<h3>Kontakt<\/h3>\n<p>Schnelle Antwort garantiert.<\/p>\n<div class=\"siatpol-2d__contact\">\n<div><strong>Telefon \u2013 Zaunpaneele:<\/strong> <a href=\"tel:+48603709709\">+48 603 709 709<\/a><\/div>\n<div><strong>Telefon \u2013 Wildzaun \/ Forstzaun:<\/strong> <a href=\"tel:+48881508508\">+48 881 508 508<\/a><\/div>\n<div><strong>E-Mail:<\/strong> <a href=\"mailto:biuro@siatpol.pl\">biuro@siatpol.pl<\/a><\/div>\n<div><strong>Adresse:<\/strong> Majdan Stary 44B, 23-414 Majdan Stary<\/div>\n<\/div>\n\n<div style=\"margin-top:10px;\">\n\n<div class=\"wpcf7 no-js\" id=\"wpcf7-f93-o1\" lang=\"pl-PL\" dir=\"ltr\" data-wpcf7-id=\"93\">\n<div class=\"screen-reader-response\"><p role=\"status\" aria-live=\"polite\" aria-atomic=\"true\"><\/p> <ul><\/ul><\/div>\n<form action=\"\/index.php\/wp-json\/wp\/v2\/pages\/321#wpcf7-f93-o1\" method=\"post\" class=\"wpcf7-form init\" aria-label=\"Formularz kontaktowy\" novalidate=\"novalidate\" data-status=\"init\">\n<fieldset class=\"hidden-fields-container\"><input type=\"hidden\" name=\"_wpcf7\" value=\"93\" \/><input type=\"hidden\" name=\"_wpcf7_version\" value=\"6.1.4\" \/><input type=\"hidden\" name=\"_wpcf7_locale\" value=\"pl_PL\" \/><input type=\"hidden\" name=\"_wpcf7_unit_tag\" value=\"wpcf7-f93-o1\" \/><input type=\"hidden\" name=\"_wpcf7_container_post\" value=\"0\" \/><input type=\"hidden\" name=\"_wpcf7_posted_data_hash\" value=\"\" \/>\n<\/fieldset>\n<p><label> Ihr Vor- und Nachname<br \/>\n<span class=\"wpcf7-form-control-wrap\" data-name=\"your-name\"><input size=\"40\" maxlength=\"400\" class=\"wpcf7-form-control wpcf7-text wpcf7-validates-as-required\" autocomplete=\"name\" aria-required=\"true\" aria-invalid=\"false\" value=\"\" type=\"text\" name=\"your-name\" \/><\/span> <\/label>\n<\/p>\n<p><label> Ihre E-Mail-Adresse<br \/>\n<span class=\"wpcf7-form-control-wrap\" data-name=\"your-email\"><input size=\"40\" maxlength=\"400\" class=\"wpcf7-form-control wpcf7-email wpcf7-validates-as-required wpcf7-text wpcf7-validates-as-email\" autocomplete=\"email\" aria-required=\"true\" aria-invalid=\"false\" value=\"\" type=\"email\" name=\"your-email\" \/><\/span> <\/label>\n<\/p>\n<p><label> Betreff<br \/>\n<span class=\"wpcf7-form-control-wrap\" data-name=\"your-subject\"><input size=\"40\" maxlength=\"400\" class=\"wpcf7-form-control wpcf7-text wpcf7-validates-as-required\" aria-required=\"true\" aria-invalid=\"false\" value=\"\" type=\"text\" name=\"your-subject\" \/><\/span> <\/label>\n<\/p>\n<p><label> Ihre Nachricht (optional)<br \/>\n<span class=\"wpcf7-form-control-wrap\" data-name=\"your-message\"><textarea cols=\"40\" rows=\"10\" maxlength=\"2000\" class=\"wpcf7-form-control wpcf7-textarea\" aria-invalid=\"false\" name=\"your-message\"><\/textarea><\/span> <\/label>\n<\/p>\n<p><input class=\"wpcf7-form-control wpcf7-submit has-spinner\" type=\"submit\" value=\"Senden\" \/>\n<\/p><div class=\"wpcf7-response-output\" aria-hidden=\"true\"><\/div>\n<\/form>\n<\/div>\n\n<\/div>\n\n<\/aside>\n\n<\/div>\n<\/div>\n<\/section>\t\t\t\t<\/div>\n\t\t\t\t\t<\/div>\n\t\t\t\t<\/div>\n\t\t\t\t<\/div>\n\t\t","protected":false},"excerpt":{"rendered":"<p>Forstzaun Typ L (Light) Der Forstzaun Typ L ist die wirtschaftliche Basisl\u00f6sung f\u00fcr den Schutz von Fl\u00e4chen. Er besteht aus [&hellip;]<\/p>\n","protected":false},"author":1,"featured_media":0,"parent":0,"menu_order":0,"comment_status":"closed","ping_status":"closed","template":"","meta":{"site-sidebar-layout":"no-sidebar","site-content-layout":"","ast-site-content-layout":"full-width-container","site-content-style":"default","site-sidebar-style":"default","ast-global-header-display":"","ast-banner-title-visibility":"","ast-main-header-display":"","ast-hfb-above-header-display":"","ast-hfb-below-header-display":"","ast-hfb-mobile-header-display":"","site-post-title":"","ast-breadcrumbs-content":"","ast-featured-img":"disabled","footer-sml-layout":"","ast-disable-related-posts":"","theme-transparent-header-meta":"","adv-header-id-meta":"","stick-header-meta":"","header-above-stick-meta":"","header-main-stick-meta":"","header-below-stick-meta":"","astra-migrate-meta-layouts":"default","ast-page-background-enabled":"default","ast-page-background-meta":{"desktop":{"background-color":"var(--ast-global-color-5)","background-image":"","background-repeat":"repeat","background-position":"center center","background-size":"auto","background-attachment":"scroll","background-type":"","background-media":"","overlay-type":"","overlay-color":"","overlay-opacity":"","overlay-gradient":""},"tablet":{"background-color":"","background-image":"","background-repeat":"repeat","background-position":"center center","background-size":"auto","background-attachment":"scroll","background-type":"","background-media":"","overlay-type":"","overlay-color":"","overlay-opacity":"","overlay-gradient":""},"mobile":{"background-color":"","background-image":"","background-repeat":"repeat","background-position":"center center","background-size":"auto","background-attachment":"scroll","background-type":"","background-media":"","overlay-type":"","overlay-color":"","overlay-opacity":"","overlay-gradient":""}},"ast-content-background-meta":{"desktop":{"background-color":"var(--ast-global-color-4)","background-image":"","background-repeat":"repeat","background-position":"center center","background-size":"auto","background-attachment":"scroll","background-type":"","background-media":"","overlay-type":"","overlay-color":"","overlay-opacity":"","overlay-gradient":""},"tablet":{"background-color":"var(--ast-global-color-4)","background-image":"","background-repeat":"repeat","background-position":"center center","background-size":"auto","background-attachment":"scroll","background-type":"","background-media":"","overlay-type":"","overlay-color":"","overlay-opacity":"","overlay-gradient":""},"mobile":{"background-color":"var(--ast-global-color-4)","background-image":"","background-repeat":"repeat","background-position":"center center","background-size":"auto","background-attachment":"scroll","background-type":"","background-media":"","overlay-type":"","overlay-color":"","overlay-opacity":"","overlay-gradient":""}},"footnotes":""},"class_list":["post-321","page","type-page","status-publish","hentry"],"yoast_head":"<!-- This site is optimized with the Yoast SEO plugin v27.1.1 - https:\/\/yoast.com\/product\/yoast-seo-wordpress\/ -->\n<title>L - Siatpol<\/title>\n<meta name=\"robots\" content=\"index, follow, max-snippet:-1, max-image-preview:large, max-video-preview:-1\" \/>\n<link rel=\"canonical\" href=\"https:\/\/siatpol.de\/index.php\/l\/\" \/>\n<meta property=\"og:locale\" content=\"de_DE\" \/>\n<meta property=\"og:type\" content=\"article\" \/>\n<meta property=\"og:title\" content=\"L - Siatpol\" \/>\n<meta property=\"og:description\" content=\"Forstzaun Typ L (Light) Der Forstzaun Typ L ist die wirtschaftliche Basisl\u00f6sung f\u00fcr den Schutz von Fl\u00e4chen. Er besteht aus [&hellip;]\" \/>\n<meta property=\"og:url\" content=\"https:\/\/siatpol.de\/index.php\/l\/\" \/>\n<meta property=\"og:site_name\" content=\"Siatpol\" \/>\n<meta property=\"article:publisher\" content=\"https:\/\/www.facebook.com\/pphusiatpol\/\" \/>\n<meta property=\"article:modified_time\" content=\"2026-03-13T14:38:33+00:00\" \/>\n<meta name=\"twitter:card\" content=\"summary_large_image\" \/>\n<meta name=\"twitter:label1\" content=\"Gesch\u00e4tzte Lesezeit\" \/>\n\t<meta name=\"twitter:data1\" content=\"1\u00a0Minute\" \/>\n<script type=\"application\/ld+json\" class=\"yoast-schema-graph\">{\"@context\":\"https:\/\/schema.org\",\"@graph\":[{\"@type\":\"WebPage\",\"@id\":\"https:\/\/siatpol.de\/index.php\/l\/\",\"url\":\"https:\/\/siatpol.de\/index.php\/l\/\",\"name\":\"L - Siatpol\",\"isPartOf\":{\"@id\":\"https:\/\/siatpol.de\/#website\"},\"datePublished\":\"2026-03-02T21:28:50+00:00\",\"dateModified\":\"2026-03-13T14:38:33+00:00\",\"breadcrumb\":{\"@id\":\"https:\/\/siatpol.de\/index.php\/l\/#breadcrumb\"},\"inLanguage\":\"de\",\"potentialAction\":[{\"@type\":\"ReadAction\",\"target\":[\"https:\/\/siatpol.de\/index.php\/l\/\"]}]},{\"@type\":\"BreadcrumbList\",\"@id\":\"https:\/\/siatpol.de\/index.php\/l\/#breadcrumb\",\"itemListElement\":[{\"@type\":\"ListItem\",\"position\":1,\"name\":\"Start\",\"item\":\"https:\/\/siatpol.de\/\"},{\"@type\":\"ListItem\",\"position\":2,\"name\":\"L\"}]},{\"@type\":\"WebSite\",\"@id\":\"https:\/\/siatpol.de\/#website\",\"url\":\"https:\/\/siatpol.de\/\",\"name\":\"Siatpol\",\"description\":\"\",\"publisher\":{\"@id\":\"https:\/\/siatpol.de\/#organization\"},\"potentialAction\":[{\"@type\":\"SearchAction\",\"target\":{\"@type\":\"EntryPoint\",\"urlTemplate\":\"https:\/\/siatpol.de\/?s={search_term_string}\"},\"query-input\":{\"@type\":\"PropertyValueSpecification\",\"valueRequired\":true,\"valueName\":\"search_term_string\"}}],\"inLanguage\":\"de\"},{\"@type\":\"Organization\",\"@id\":\"https:\/\/siatpol.de\/#organization\",\"name\":\"Siatpol\",\"url\":\"https:\/\/siatpol.de\/\",\"logo\":{\"@type\":\"ImageObject\",\"inLanguage\":\"de\",\"@id\":\"https:\/\/siatpol.de\/#\/schema\/logo\/image\/\",\"url\":\"https:\/\/siatpol.de\/wp-content\/uploads\/2026\/02\/cropped-logo-1.png\",\"contentUrl\":\"https:\/\/siatpol.de\/wp-content\/uploads\/2026\/02\/cropped-logo-1.png\",\"width\":264,\"height\":211,\"caption\":\"Siatpol\"},\"image\":{\"@id\":\"https:\/\/siatpol.de\/#\/schema\/logo\/image\/\"},\"sameAs\":[\"https:\/\/www.facebook.com\/pphusiatpol\/\",\"https:\/\/www.instagram.com\/siatpol.pl\/?hl=pl\"]}]}<\/script>\n<!-- \/ Yoast SEO plugin. -->","yoast_head_json":{"title":"L - Siatpol","robots":{"index":"index","follow":"follow","max-snippet":"max-snippet:-1","max-image-preview":"max-image-preview:large","max-video-preview":"max-video-preview:-1"},"canonical":"https:\/\/siatpol.de\/index.php\/l\/","og_locale":"de_DE","og_type":"article","og_title":"L - Siatpol","og_description":"Forstzaun Typ L (Light) Der Forstzaun Typ L ist die wirtschaftliche Basisl\u00f6sung f\u00fcr den Schutz von Fl\u00e4chen. Er besteht aus [&hellip;]","og_url":"https:\/\/siatpol.de\/index.php\/l\/","og_site_name":"Siatpol","article_publisher":"https:\/\/www.facebook.com\/pphusiatpol\/","article_modified_time":"2026-03-13T14:38:33+00:00","twitter_card":"summary_large_image","twitter_misc":{"Gesch\u00e4tzte Lesezeit":"1\u00a0Minute"},"schema":{"@context":"https:\/\/schema.org","@graph":[{"@type":"WebPage","@id":"https:\/\/siatpol.de\/index.php\/l\/","url":"https:\/\/siatpol.de\/index.php\/l\/","name":"L - Siatpol","isPartOf":{"@id":"https:\/\/siatpol.de\/#website"},"datePublished":"2026-03-02T21:28:50+00:00","dateModified":"2026-03-13T14:38:33+00:00","breadcrumb":{"@id":"https:\/\/siatpol.de\/index.php\/l\/#breadcrumb"},"inLanguage":"de","potentialAction":[{"@type":"ReadAction","target":["https:\/\/siatpol.de\/index.php\/l\/"]}]},{"@type":"BreadcrumbList","@id":"https:\/\/siatpol.de\/index.php\/l\/#breadcrumb","itemListElement":[{"@type":"ListItem","position":1,"name":"Start","item":"https:\/\/siatpol.de\/"},{"@type":"ListItem","position":2,"name":"L"}]},{"@type":"WebSite","@id":"https:\/\/siatpol.de\/#website","url":"https:\/\/siatpol.de\/","name":"Siatpol","description":"","publisher":{"@id":"https:\/\/siatpol.de\/#organization"},"potentialAction":[{"@type":"SearchAction","target":{"@type":"EntryPoint","urlTemplate":"https:\/\/siatpol.de\/?s={search_term_string}"},"query-input":{"@type":"PropertyValueSpecification","valueRequired":true,"valueName":"search_term_string"}}],"inLanguage":"de"},{"@type":"Organization","@id":"https:\/\/siatpol.de\/#organization","name":"Siatpol","url":"https:\/\/siatpol.de\/","logo":{"@type":"ImageObject","inLanguage":"de","@id":"https:\/\/siatpol.de\/#\/schema\/logo\/image\/","url":"https:\/\/siatpol.de\/wp-content\/uploads\/2026\/02\/cropped-logo-1.png","contentUrl":"https:\/\/siatpol.de\/wp-content\/uploads\/2026\/02\/cropped-logo-1.png","width":264,"height":211,"caption":"Siatpol"},"image":{"@id":"https:\/\/siatpol.de\/#\/schema\/logo\/image\/"},"sameAs":["https:\/\/www.facebook.com\/pphusiatpol\/","https:\/\/www.instagram.com\/siatpol.pl\/?hl=pl"]}]}},"_links":{"self":[{"href":"https:\/\/siatpol.de\/index.php\/wp-json\/wp\/v2\/pages\/321","targetHints":{"allow":["GET"]}}],"collection":[{"href":"https:\/\/siatpol.de\/index.php\/wp-json\/wp\/v2\/pages"}],"about":[{"href":"https:\/\/siatpol.de\/index.php\/wp-json\/wp\/v2\/types\/page"}],"author":[{"embeddable":true,"href":"https:\/\/siatpol.de\/index.php\/wp-json\/wp\/v2\/users\/1"}],"replies":[{"embeddable":true,"href":"https:\/\/siatpol.de\/index.php\/wp-json\/wp\/v2\/comments?post=321"}],"version-history":[{"count":7,"href":"https:\/\/siatpol.de\/index.php\/wp-json\/wp\/v2\/pages\/321\/revisions"}],"predecessor-version":[{"id":357,"href":"https:\/\/siatpol.de\/index.php\/wp-json\/wp\/v2\/pages\/321\/revisions\/357"}],"wp:attachment":[{"href":"https:\/\/siatpol.de\/index.php\/wp-json\/wp\/v2\/media?parent=321"}],"curies":[{"name":"wp","href":"https:\/\/api.w.org\/{rel}","templated":true}]}}